7
-143360
Convert 1124a25 (base 15) to base 2.
101110110010111000011011
Convert 5aa42 (base 13) to base 7.
1262323
What is -200552 (base 10) in base 4?
-300331220
What is 5a0609 (base 11) in base 10?
952400
1111001110101010110 (base 2) to base 15
9ccda
Convert 1629842 (base 10) to base 12.
667242
What is -110100011111101011110111 (base 2) in base 7?
-224653216
Convert -a5b48 (base 15) to base 14.
-d97da
1211211121122 (base 3) to base 10
980954
What is 648627 (base 12) in base 3?
2222210222011
-101100110011011001 (base 2) to base 6
-3533333
Convert 1faa09 (base 16) to base 9.
3812506
What is 21370401 (base 8) in base 2?
10001011111000100000001
What is -35b2385 (base 12) in base 11?
-5987404
Convert -12114103 (base 5) to base 16.
-1bbf5
6699c (base 15) to base 10
326172
-10101020111 (base 3) to base 5
-4112024
Convert 21203232122 (base 4) to base 12.
a0a022
What is -176b64 (base 12) in base 10?
-406012
-59771 (base 13) to base 5
-20220403
154ea (base 15) to base 13
25306
Convert -5644526 (base 7) to base 4.
-2222332220
What is -1406587 (base 10) in base 8?
-5273173
Convert -7584274 (base 9) to base 14.
-77d833
13213430 (base 5) to base 9
221512
Convert -27615 (base 13) to base 9.
-121773
What is -ed3a7 (base 15) in base 10?
-753457
What is 9d88d (base 15) in base 16?
7a6b9
What is -4430240244 (base 5) in base 4?
-210230030113
8bbbc (base 15) to base 4
1230211221
What is 1462f6 (base 16) in base 15?
1b5d04
What is 1001011010011000000 (base 2) in base 4?
1023103000
Convert -21aab24 (base 13) to base 11.
-5919411
What is 1170206 (base 8) in base 15?
65db3
-35876071 (base 9) to base 6
-1423412101
Convert 82150 (base 10) to base 3.
11011200121
-1281277 (base 12) to base 10
-3651643
Convert 30413 (base 5) to base 13.
b97
What is 13116b3 (base 12) in base 9?
7054160
Convert 335564 (base 8) to base 7.
651655
What is 1111100101000110100 (base 2) in base 10?
510516
-1481972 (base 10) to base 9
-2707785
-211054 (base 7) to base 4
-20320231
What is 330048 (base 16) in base 11?
1983223
What is 377aa (base 11) in base 15?
110dc
17ba43 (base 13) to base 14
117884
3012332213 (base 4) to base 9
1471882
-221100110021 (base 3) to base 9
-840407
-342514 (base 7) to base 14
-1830b
What is 22a07 (base 15) in base 16?
1aeb1
Convert -12213215 (base 7) to base 4.
-10023210323
Convert 6409e8 (base 15) to base 3.
22221212212002
What is 159942 (base 10) in base 15?
325cc
Convert 53195 (base 14) to base 6.
4144515
-652486 (base 13) to base 2
-1001000100000000111111
What is 3231120 (base 6) in base 4?
212332320
1457309 (base 12) to base 16
3e85f9
What is 204a52a (base 11) in base 13?
997938
Convert 67997 (base 10) to base 12.
33425
Convert 149770 (base 16) to base 11.
841988
Convert 544708 (base 11) to base 9.
1565364
-d5d55 (base 14) to base 7
-4245435
-123201000030 (base 4) to base 5
-3321304233
Convert 367892 (base 10) to base 8.
1316424
What is -1110011010010111000001 (base 2) in base 3?
-21002221102101
Convert 414423414 (base 5) to base 4.
12203101233
-12120102020 (base 3) to base 14
-2bd65
Convert 3372130 (base 10) to base 6.
200135414
Convert 34d044 (base 15) to base 13.
6a5133
Convert -314361525 (base 7) to base 12.
-62b7160
What is -200101012220 (base 3) in base 5?
-43033433
What is -110000011001110000 (base 2) in base 14?
-52372
What is -2147336 (base 10) in base 11?
-1237364
Convert 36441 (base 14) to base 5.
13220203
-5e20b (base 16) to base 4
-1132020023
-112001212211021 (base 3) to base 5
-3403232400
What is -1110201101021 (base 3) in base 13?
-214aaa
What is -33110300213 (base 4) in base 16?
-3d4c27
What is 64a75 (base 12) in base 8?
403371
What is 53d861 (base 15) in base 3?
21111221110001
-20122001001 (base 3) to base 16
-1fdd7
Convert 30103 (base 14) to base 12.
56987
Convert -1221112122220 (base 3) to base 10.
-1034205
-11011011011011110 (base 2) to base 9
-181103
135433000 (base 6) to base 10
2788344
What is 25526 (base 7) in base 3?
100022012
What is b1d79 (base 14) in base 3?
210202001221
What is -300424332 (base 5) in base 8?
-4414651
-1807560 (base 9) to base 11
-62a412
Convert 1033112230 (base 4) to base 7.
2522425
11053765 (base 8) to base 9
4430208
-12431303 (base 6) to base 4
-1203233313
Convert -153242 (base 7) to base 16.
-7511
What is 1002110000101 (base 3) in base 15?
b6aca
1001010101101111001 (base 2) to base 4
1022231321
13b58 (base 12) to base 6
331352
Convert 41446b (base 14) to base 11.
1274085
24100402 (base 5) to base 12
a8561
1010110001000001 (base 2) to base 15
d0ec
Convert 11001101000100011100000 (base 2) to base 6.
400005440
-157946 (base 10) to base 3
-22000122212
What is -1b670 (base 15) in base 6?
-1524553
Convert 46e0b0 (base 16) to base 11.
2692984
What is -1204709 (base 10) in base 8?
-4460745
Convert -20753217 (base 8) to base 4.
-100331122033
8084256 (base 9) to base 11
2482027
-26345574 (base 9) to base 11
-7353680
11011001000001111100 (base 2) to base 11
557982
-625848 (base 9) to base 12
-15b175
22023033 (base 4) to base 13
15c81
What is -202023320 (base 4) in base 12?
-69048
What is -300421111 (base 5) in base 11?
-73a993
30c18 (base 13) to base 10
87732
What is 220122212200 (base 3) in base 14?
c8c92
What is 189444 (base 11) in base 6?
10121442
What is -3ef14 (base 16) in base 6?
-5305324
Convert 216452 (base 7) to base 11.
26864
What is -14213413 (base 5) in base 9?
-244885
32dce6 (base 16) to base 15
45c9d5
What is 4310566 (base 8) in base 12?
47635a
Convert -5de44 (base 16) to base 2.
-1011101111001000100
What is 169ad (base 14) in base 8?
156735
Convert 2035a2 (base 11) to base 5.
40424222
1003300322 (base 4) to base 14
7321c
Convert 23000301 (base 4) to base 16.
b031
Convert 305293 (base 10) to base 9.
514704
What is 31205221 (base 6) in base 7?
10451116
-110000010001001001010101 (base 2) to base 8
-60211125
Convert -2187898 (base 12) to base 2.
-11000011010100000110100
What is -63461 (base 14) in base 5?
-30131342
Convert -880d (base 16) to base 6.
-425125
What is -33c727 (base 13) in base 16?
-12b986
Convert -d4d50 (base 14) to base 4.
-1331033222
-5410 (base 6) to base 12
-866
What is 37301 (base 8) in base 7?
64560
-1470352 (base 10) to base 2
-101100110111110010000
What is 11200222211202 (base 3) in base 10?
2499626
294cb (base 15) to base 7
1061633
-3aeb7 (base 16) to base 9
-407040
Convert -20445315 (base 6) to base 10.
-597359
What is 71e21 (base 15) in base 14?
9576b
-ee99 (base 15) to base 12
-25300
-5646420 (base 8) to base 12
-617868
What is 12252665 (base 7) in base 14?
20ac35
What is 24351043 (base 6) in base 8?
2754543
Convert -1a795 (base 14) to base 15.
-14e59
Convert -2021104122 (base 5) to base 7.
-46460153
-1242126 (base 8) to base 2
-1010100010001010110
What is -acc17 (base 15) in base 9?
-1026654
What is -733814 (base 12) in base 6?
-102445224
What is 2b5412 (base 13) in base 14?
1db529
What is -11010200101212 (base 3) in base 9?
-4120355
What is -6690 (base 15) in base 11?
-1536a
Convert 616293 (base 11) to base 12.
3b85b9
Convert -210002020220 (base 3) to base 16.
-6550b
Convert -2684a (base 12) to base 4.
-30330322
1035010 (base 7) to base 8
367156
Convert 31053204 (base 7) to base 6.
131431330
Convert 47011 (base 8) to base 16.
4e09
What is -ad7ad6 (base 14) in base 3?
-102002200220122
What is 1110101001111001000011 (base 2) in base 15?
50d3bd
Convert -38d342 (base 14) to base 2.
-111011101110011111110
What is -7184 (base 14) in base 6?
-230212
What is -122211240 (base 5) in base 10?
-585195
6b8162 (base 13) to base 8
11607412
Convert 4863975 (base 10) to base 12.
1766973
-6e02d (base 15) to base 2
-1010101101101000011
What is -734357 (base 14) in base 15?
-51d13c
Convert -441403243 (base 5) to base 12.
-779731
38360d (base 15) to base 6
133431021
Convert 1332534 (base 6) to base 7.
430135
What is 99585 (base 10) in base 8?
302401
Convert -3646 (base 14) to base 11.
-712a
What is -1b6d11 (base 14) in base 11?
-609949
Convert 32271405 (base 8) to base 4.
122113030011
114200 (base 6) to base 8
23430
-40723 (base 10) to base 3
-2001212021
-11001201001 (base 3) to base 10
-79975
Convert -4877d (base 15) to base 4.
-320130121
What is 7dacc (base 15) in base 13?
1104c6
1a2cd (base 15) to base 2
10100110000011010
10816c (base 13) to base 12
169234
What is 211110101200222 (base 3) in base 5?
